 What is a(76)?
234
Let a(i) = -14*i**2 - 441*i + 1602. What is a(-35)?
-113
Let s(x) = -52*x**2 - 95*x + 256. Calculate s(4).
-956
Let k(p) = 5*p**3 - 131*p**2 + 145*p + 43. Calculate k(25).
-82
Let v(a) = a**3 + 49*a**2 + 300*a + 201. Calculate v(-23).
7055
Let d(l) = 72*l**2 - 1439*l + 39. Calculate d(20).
59
Let o(v) = 3667*v + 674761. What is o(-184)?
33
Let u(n) = -n**3 - 168*n**2 - 4234*n + 1207. Calculate u(-137).
-574
Let c(l) = -327*l**2 - 326*l - 649. Give c(-2).
-1305
Let j(w) = -1866373*w + 3732743. Determine j(2).
-3
Let z(m) = -2*m**2 + 193*m + 22119. Give z(164).
-21
Let d(x) = -x**3 - 14*x**2 + 153*x + 646. Give d(-4).
-126
Let k(c) = -c**3 - 6*c**2 + 74*c - 140. Calculate k(-10).
-480
Let i(a) = a**2 + 2120*a - 238369. Give i(107).
-80
Let h(z) = 47*z**2 + 16508*z + 3907. Give h(-351).
46
Let o(c) = 23*c**3 + 4*c**2 + 82*c + 296. Give o(-4).
-1440
Let l(b) = -4*b**2 - 1751*b - 12194. Calculate l(-7).
-133
Let u(h) = h**2 - 247445*h - 3464422. Determine u(-14).
4
Let r(h) = -3*h**2 + 417*h + 15951. What is r(173)?
-1695
Let v(x) = -858*x + 178698. Give v(209).
-624
Let b(f) = -18*f**3 + 435*f**2 - 99*f + 670. What is b(24)?
22
Let g(t) = -1060*t**3 + 29*t**2 - 27*t - 4. Give g(1).
-1062
Let c(y) = -122740*y - 859191. Give c(-7).
-11
Let n(r) = -r**3 + 31*r**2 + 46998*r - 1502925. What is n(32)?
-13
Let x(t) = t**2 - 39*t + 32. Calculate x(-4).
204
Let y(v) = v**2 - 698*v + 45097. Give y(72).
25
Let s(i) = 3*i**2 - 3026*i - 282366. Calculate s(-86).
58
Let p(i) = 2*i**2 + 706*i + 52077. What is p(-105)?
-3
Let i(k) = -1323*k + 168170. Give i(129).
-2497
Let d(u) = -5*u**3 - 108*u**2 + 2492*u - 2. Determine d(14).
-2
Let y(c) = -67627*c + 473394. What is y(7)?
5
Let n(j) = -467*j**2 + 1909*j - 1. Calculate n(3).
1523
Let f(y) = 177292*y + 1063744. What is f(-6)?
-8
Let g(v) = -2*v**3 + 14*v**2 - 725*v + 6364. Determine g(9).
-485
Let p(j) = -325*j + 50. Give p(4).
-1250
Let c(v) = 29*v**2 - 19533*v + 19511. Determine c(1).
7
Let d(k) = -2*k**2 + 35*k - 894. Determine d(21).
-1041
Let t(q) = -162*q**2 - 818*q - 149. Determine t(-5).
-109
Let c(b) = -3402*b - 47509. Calculate c(-14).
119
Let z(s) = -17064*s + 33718. Calculate z(2).
-410
Let x(p) = -25512*p - 2091988. What is x(-82)?
-4
Let x(f) = f**3 + 19*f**2 + 164*f + 3113. Calculate x(-19).
-3
Let a(q) = 38755*q - 2867865. What is a(74)?
5
Let a(t) = 158595*t - 3330446. Calculate a(21).
49
Let m(k) = 44*k**2 - 76*k + 808. Give m(9).
3688
Let q(w) = -1185*w + 690849. Calculate q(583).
-6
Let o(a) = a**3 - 833*a**2 - 2600*a + 76903. Calculate o(836).
-9
Let h(o) = 9*o**3 - 1157*o**2 + 8676*o + 15. Determine h(8).
-17
Let n(y) = 15*y**2 + 130*y - 74. Give n(-9).
-29
Let f(n) = 2*n**2 - 2825*n + 14095. Determine f(5).
20
Let r(c) = -566*c**2 + 90573*c - 2046. Calculate r(160).
34
Let k(d) = d**3 - 658*d**2 + 442*d + 141254. Calculate k(657).
-1
Let o(i) = 440*i**2 + 63796*i - 468. Calculate o(-145).
112
Let o(b) = -96*b - 1358. What is o(-15)?
82
Let j(r) = 75*r**2 - 4140*r + 28909. Give j(47).
4
Let c(h) = 3118*h + 46839. Give c(-15).
69
Let r(b) = 2*b**2 + 204734*b + 818901. What is r(-4)?
-3
Let a(k) = 16*k + 1205. Determine a(-17).
933
Let w(d) = d**2 + 2211*d + 63278. Determine w(-29).
0
Let z(v) = -26*v**2 - 7158*v + 7157. Calculate z(1).
-27
Let y(z) = 26*z**2 + 12232*z - 31296. Calculate y(-473).
-78
Let w(o) = -40*o**2 - 764*o - 790. Determine w(-18).
2
Let n(t) = -2*t**3 - 12*t**2 - 4*t + 135. What is n(-8)?
423
Let a(g) = -16312*g - 799140. Determine a(-49).
148
Let b(q) = 12*q**2 - 488*q - 5039. Calculate b(49).
-139
Let p(c) = 2*c**3 + 2*c**2 + 18*c + 209. Determine p(0).
209
Let h(s) = -4*s**3 + 218*s**2 - 221*s - 63. What is h(53)?
5078
Let u(k) = k**3 + 103*k**2 + 264*k + 3971. Give u(-101).
-2291
Let j(k) = -k**2 - 1009*k - 27809. Determine j(-28).
-341
Let d(a) = 13*a**3 - a**2 + 12*a - 20. Determine d(0).
-20
Let x(i) = -i**3 - 23*i**2 + 976*i + 1862. What is x(23)?
-24
Let y(m) = 19*m**3 - 988*m**2 + 970*m - 74. Calculate y(51).
-23
Let j(s) = 173*s**2 - 394*s - 14215. Determine j(-8).
9
Let j(q) = -2*q**2 - 33569*q - 469578. What is j(-14)?
-4
Let l(p) = -6*p**2 - 216*p - 1201. Determine l(-28).
143
Let g(w) = 40*w + 12634. Calculate g(-316).
-6
Let p(x) = 671*x - 15461. Calculate p(23).
-28
Let s(i) = 3*i**3 - 784*i**2 - 2912*i - 699. What is s(265)?
96
Let f(p) = 9178*p + 1064607. What is f(-116)?
-41
Let m(o) = 2*o**3 - 31*o**2 - 174*o - 311. Give m(-3).
-122
Let c(a) = -4085*a - 388065. Give c(-95).
10
Let t(i) = -348*i + 1633. Give t(6).
-455
Let z(a) = 43*a + 377. Determine z(16).
1065
Let i(j) = -2*j**3 + 633*j**2 - 47879*j + 525. Calculate i(125).
25
Let r(c) = c**2 - 234363*c - 1640566. Calculate r(-7).
24
Let p(t) = t**2 + 1970*t + 37319. Calculate p(-19).
250
Let l(d) = d**3 + 484*d**2 + 2425*d + 15202. What is l(-479)?
832
Let z(c) = 151*c + 12210. Calculate z(-81).
-21
Let s(d) = 7*d**3 + 135*d**2 - 32*d + 24. What is s(-20)?
-1336
Let q(a) = 5009*a - 571031. Calculate q(114).
-5
Let y(v) = -20*v**2 - 747*v - 5227. What is y(-28)?
9
Let u(o) = -88819*o - 177615. Give u(-2).
23
Let p(z) = -3354*z**2 - 20137*z + 3. Calculate p(-6).
81
Let d(c) = -c**2 + 289*c + 1047. Calculate d(0).
1047
Let z(a) = 3*a**2 + 3578*a - 36070. Determine z(10).
10
Let x(p) = 1146*p - 14066. Determine x(12).
-314
Let k(v) = -9942*v - 208765. Give k(-21).
17
Let q(x) = 5*x**2 + 95*x - 1377. Calculate q(15).
1173
Let t(u) = u**3 + 215*u**2 + 6725*u - 5416. Calculate t(-39).
5
Let f(k) = -k**3 + 162*k**2 + 865*k - 140220. Give f(162).
-90
Let d(g) = -30158*g - 29918. Give d(-1).
240
Let g(l) = -12*l**3 - 257*l**2 - 718*l + 418. Determine g(-18).
58
Let v(c) = -22*c**2 + 7043*c - 42371. Determine v(314).
19
Let o(m) = 3*m**3 + 21*m**2 + 21*m - 148. Determine o(2).
2
Let j(k) = -1687*k + 155222. Calculate j(92).
18
Let o(g) = g**2 - 83*g - 11470. Determine o(-72).
-310
Let d(h) = 2029*h**2 + 13*h - 44. Calculate d(-1).
1972
Let t(n) = -n**2 + 166*n + 2582. Determine t(178).
446
Let k(p) = p**3 - 7*p**2 + 56533*p - 508947. What is k(9)?
12
Let g(u) = -1435873*u + 12922860. Calculate g(9).
3
Let s(m) = 311*m**2 + 73*m + 199. Calculate s(-3).
2779
Let l(o) = -10*o**3 - 51*o**2 - 9*o + 3. Calculate l(-4).
-137
Let d(z) = 2*z**3 + 45*z**2 + 352*z - 109. Give d(-10).
-1129
Let m(f) = f**3 + 292*f**2 - 1476*f + 1044. Give m(-297).
-1629
Let m(s) = 310101*s - 3411094. Calculate m(11).
17
Let g(b) = b**3 - 270*b**2 + 16251*b + 6796. Give g(179).
-6
Let n(p) = -p**2 + 22*p + 58475. What is n(-231)?
32
Let a(c) = -7*c**3 + 4190*c**2 + 1726*c + 42536. What is a(599)?
7
Let a(t) = -779*t + 5782. Determine a(7).
329
Let k(b) = -b**3 + 70*b**2 - 241*b + 123. What is k(3)?
3
Let c(r) = -r**3 - 32*r**2 - 125*r + 103. Determine c(-28).
467
Let f(j) = -2*j**3 - 60*j**2 - 27*j - 826. Determine f(-30).
-16
Let d(h) = 4032*h + 661232. What is d(-164)?
-16
Let x(j) = -46*j**2 - 429*j - 6. Give x(-8).
482
Let c(s) = 18754*s + 506358. Calculate c(-27).
0
Let r(g) = -5*g**2 + 1757*g + 122480. Give r(411).
2
Let n(s) = -7*s**2 - 1022*s - 4091. Give n(-4).
-115
Let n(q) = -149737*q + 449210. Give n(3).
-1
Let a(b) = -2*b**2 - 223*b + 113635. Determine a(189).
46
Let h(m) = -5385*m - 107429. Determine h(-20).
271
Let t(g) = g**3 + 22*g**2 - 1958*g - 1281. Determine t(35).
14
Let a(o) = 33913*o + 1051426. Calculate a(-31).
123
Let b(n) = -2*n**3 - n**2 + 17587*n - 17. What is b(0)?
-17
Let f(y) = -972*y - 109710. Calculate f(-114).
1098
Let h(y) = 5*y**2 - 241285*y - 5552196. Determine h(-23).
4
Let y(a) = 2284*a**2 + 130185*a - 172. Calculate y(-57).
-1
Let w(l) = -87033*l + 3568347. Give w(41).
-6
Let y(t) = -3*t**2 + 262*t - 5109. Calculate y(34).
331
Let t(k) = -1500*k - 156003. What is t(-104)?
-3
Let a(d) = -2*d**3 - 27*d**2 + 1073*d + 123. Calculate a(-31).
495
Let m(w) = -471*w + 21154. Give m(50).
-2396
Let w(g) = 1167*g + 476135. Give w(-408).
-1
Let g(f) = 2872*f + 46118. Calculate g(-16).
166
Let j(n) = -1138893*n + 1138893. Give j(1).
0
Let s(v) = 5*v**2 - 894*v + 1596. Determine s(177).
3
Let p(r) = -5*r**2 - 762*r - 19010. Calculate p(-121).
-13
Let a(l) = 6*l**2 + 4909*l + 298539. Calculate a(-752).
-5
Let m(c) = 10*c**2 + 870*c + 12913. Calculate m(-68).
-7
Let q(c) = -129340*c - 2961